mainder when 37108 is divided by 17.
14
What is the remainder when 28 is divided by 12?
4
What is the remainder when 1736 is divided by 864?
8
What is the remainder when 801 is divided by 37?
24
What is the remainder when 136 is divided by 35?
31
What is the remainder when 386 is divided by 61?
20
What is the remainder when 1565 is divided by 6?
5
What is the remainder when 2306 is divided by 23?
6
Calculate the remainder when 234 is divided by 37.
12
Calculate the remainder when 55823 is divided by 16.
15
Calculate the remainder when 105 is divided by 31.
12
What is the remainder when 895 is divided by 13?
11
What is the remainder when 686 is divided by 172?
170
What is the remainder when 4618 is divided by 110?
108
What is the remainder when 862 is divided by 27?
25
Calculate the remainder when 185 is divided by 6.
5
Calculate the remainder when 6316 is divided by 29.
23
Calculate the remainder when 66 is divided by 23.
20
Calculate the remainder when 6816 is divided by 105.
96
What is the remainder when 73 is divided by 8?
1
What is the remainder when 8 is divided by 3?
2
What is the remainder when 72 is divided by 4?
0
What is the remainder when 7818 is divided by 99?
96
What is the remainder when 88 is divided by 6?
4
What is the remainder when 1054 is divided by 152?
142
Calculate the remainder when 2000 is divided by 13.
11
What is the remainder when 286 is divided by 16?
14
Calculate the remainder when 813 is divided by 12.
9
Calculate the remainder when 42 is divided by 13.
3
What is the remainder when 222 is divided by 38?
32
Calculate the remainder when 64 is divided by 41.
23
What is the remainder when 767 is divided by 252?
11
Calculate the remainder when 17 is divided by 3.
2
Calculate the remainder when 627 is divided by 122.
17
Calculate the remainder when 25 is divided by 14.
11
Calculate the remainder when 917 is divided by 20.
17
Calculate the remainder when 1547 is divided by 64.
11
Calculate the remainder when 3281 is divided by 173.
167
Calculate the remainder when 5961 is divided by 142.
139
What is the remainder when 264 is divided by 10?
4
Calculate the remainder when 1345 is divided by 424.
73
Calculate the remainder when 920 is divided by 282.
74
Calculate the remainder when 1922 is divided by 1873.
49
Calculate the remainder when 86 is divided by 24.
14
What is the remainder when 911 is divided by 93?
74
What is the remainder when 280 is divided by 85?
25
Calculate the remainder when 13723 is divided by 23.
15
Calculate the remainder when 190 is divided by 52.
34
Calculate the remainder when 59 is divided by 2.
1
What is the remainder when 228 is divided by 58?
54
What is the remainder when 1673 is divided by 48?
41
What is the remainder when 928 is divided by 36?
28
What is the remainder when 44 is divided by 23?
21
What is the remainder when 238 is divided by 60?
58
What is the remainder when 2673 is divided by 14?
13
What is the remainder when 4588 is divided by 327?
10
What is the remainder when 1329 is divided by 70?
69
Calculate the remainder when 212 is divided by 58.
38
What is the remainder when 250 is divided by 113?
24
What is the remainder when 615 is divided by 69?
63
What is the remainder when 673 is divided by 114?
103
Calculate the remainder when 9860 is divided by 1095.
5
What is the remainder when 267 is divided by 12?
3
What is the remainder when 642 is divided by 38?
34
Calculate the remainder when 3153 is divided by 55.
18
Calculate the remainder when 2373 is divided by 27.
24
What is the remainder when 21 is divided by 6?
3
Calculate the remainder when 1427 is divided by 130.
127
What is the remainder when 210 is divided by 32?
18
Calculate the remainder when 105 is divided by 36.
33
What is the remainder when 17571 is divided by 6?
3
What is the remainder when 484 is divided by 54?
52
What is the remainder when 832 is divided by 265?
37
Calculate the remainder when 489 is divided by 26.
21
What is the remainder when 947 is divided by 158?
157
Calculate the remainder when 340 is divided by 57.
55
Calculate the remainder when 107 is divided by 22.
19
What is the remainder when 498 is divided by 214?
70
What is the remainder when 194 is divided by 65?
64
What is the remainder when 175 is divided by 9?
4
Calculate the remainder when 673 is divided by 34.
27
What is the remainder when 1152 is divided by 72?
0
What is the remainder when 202 is divided by 31?
16
What is the remainder when 446 is divided by 18?
14
Calculate the remainder when 1572 is divided by 56.
4
What is the remainder when 182 is divided by 45?
2
Calculate the remainder when 1876 is divided by 189.
175
What is the remainder when 1366 is divided by 19?
17
Calculate the remainder when 637 is divided by 313.
11
Calculate the remainder when 37 is divided by 7.
2
Calculate the remainder when 358 is divided by 178.
2
Calculate the remainder when 3160 is divided by 29.
28
Calculate the remainder when 958 is divided by 74.
70
Calculate the remainder when 273 is divided by 127.
19
Calculate the remainder when 24437 is divided by 235.
232
What is the remainder when 12151 is divided by 14?
13
What is the remainder when 257 is divided by 36?
5
What is the remainder when 1010 is divided by 92?
90
Calculate the remainder when 26 is divided by 19.
7
What is the remainder when 976 is divided by 20?
16
What is the remainder when 1372 is divided by 682?
8
Calculate the remainder when 101 is divided by 13.
10
Calculate the remainder when 433 is divided by 31.
30
Calculate the remainder when 132 is divided by 5.
2
What is the remainder when 520 is divided by 87?
85
What is the remainder when 130 is divided by 19?
16
Calculate the remainder when 166 is divided by 13.
10
What is the remainder when 1401 is divided by 44?
37
Calculate the remainder when 7180 is divided by 14.
12
What is the remainder when 3075 is divided by 23?
16
Calculate the remainder when 8509 is divided by 37.
36
What is the remainder when 352 is divided by 22?
0
Calculate the remainder when 617 is divided by 20.
17
What is the remainder when 17879 is divided by 30?
29
Calculate the remainder when 1333 is divided by 46.
45
What is the remainder when 377 is divided by 123?
8
Calculate the remainder when 725 is divided by 356.
13
What is the remainder when 1573 is divided by 1572?
1
Calculate the remainder when 1567 is divided by 111.
13
What is the remainder when 163 is divided by 42?
37
What is the remainder when 3185 is divided by 38?
31
What is the remainder when 61 is divided by 18?
7
Calculate the remainder when 16169 is divided by 25.
19
What is the remainder when 6478 is divided by 54?
52
What is the remainder when 167 is divided by 42?
41
Calculate the remainder when 43 is divided by 18.
7
What is the remainder when 537 is divided by 49?
47
What is the remainder when 730 is divided by 121?
4
What is the remainder when 608 is divided by 154?
146
Calculate the remainder when 199 is divided by 74.
51
What is the remainder when 3429 is divided by 384?
357
What is the remainder when 227 is divided by 19?
18
Calculate the remainder when 7073 is divided by 116.
113
Calculate the remainder when 1160 is divided by 1159.
1
What is the remainder when 1736 is divided by 29?
25
Calculate the remainder when 6886 is divided by 97.
96
What is the remainder when 125 is divided by 23?
10
What is the remainder when 2469 is divided by 8?
5
What is the remainder when 29 is divided by 18?
11
What is the remainder when 1997 is divided by 71?
9
What is the remainder when 11015 is divided by 34?
33
What is the remainder when 201 is divided by 4?
1
What is the remainder when 474 is divided by 119?
117
What is the remainder when 2917 is divided by 15?
7
Calculate the remainder when 936 is divided by 188.
184
Calculate the remainder when 6199 is divided by 200.
199
What is the remainder when 388 is divided by 79?
72
Calculate the remainder when 20787 is divided by 4.
3
What is the remainder when 1282 is divided by 12?
10
Calculate the remainder when 119 is divided by 63.
56
Calculate the remainder when 1218 is divided by 23.
22
What is the remainder when 54 is divided by 54?
0
What is the remainder when 636 is divided by 411?
225
Calculate the remainder when 377 is divided by 95.
92
Calculate the r